{"id":3339,"date":"2023-12-29T23:11:15","date_gmt":"2023-12-29T22:11:15","guid":{"rendered":"https:\/\/guillaumecivel.com\/?page_id=3339"},"modified":"2025-01-21T18:01:08","modified_gmt":"2025-01-21T17:01:08","slug":"portfolio-copy","status":"publish","type":"page","link":"https:\/\/guillaumecivel.com\/?page_id=3339","title":{"rendered":"About &#038; Contact"},"content":{"rendered":"\t\t<div data-elementor-type=\"wp-page\" data-elementor-id=\"3339\" class=\"elementor elementor-3339\">\n\t\t\t\t<div class=\"elementor-element elementor-element-f340c2d e-con-full animated-fast e-flex elementor-invisible e-con e-parent\" data-id=\"f340c2d\" data-element_type=\"container\" data-e-type=\"container\" data-settings=\"{&quot;animation&quot;:&quot;fadeInUp&quot;}\">\n\t\t\t\t<div class=\"elementor-element elementor-element-b01f9e4 elementor-hidden-widescreen elementor-hidden-desktop elementor-hidden-laptop elementor-hidden-tablet elementor-widget elementor-widget-spacer\" data-id=\"b01f9e4\" data-element_type=\"widget\" data-e-type=\"widget\" data-widget_type=\"spacer.default\">\n\t\t\t\t<div class=\"elementor-widget-container\">\n\t\t\t\t\t\t\t<div class=\"elementor-spacer\">\n\t\t\t<div class=\"elementor-spacer-inner\"><\/div>\n\t\t<\/div>\n\t\t\t\t\t\t<\/div>\n\t\t\t\t<\/div>\n\t\t\t\t<div class=\"elementor-element elementor-element-49ca8a2 animated-fast elementor-hidden-mobile elementor-invisible elementor-widget elementor-widget-image\" data-id=\"49ca8a2\" data-element_type=\"widget\" data-e-type=\"widget\" data-settings=\"{&quot;_animation&quot;:&quot;fadeInDown&quot;}\" data-widget_type=\"image.default\">\n\t\t\t\t<div class=\"elementor-widget-container\">\n\t\t\t\t\t\t\t\t\t\t\t\t\t\t\t<img decoding=\"async\" src=\"https:\/\/guillaumecivel.com\/wp-content\/uploads\/2024\/01\/typo-infos.svg\" title=\"typo-infos\" alt=\"typo-infos\" loading=\"lazy\" \/>\t\t\t\t\t\t\t\t\t\t\t\t\t\t\t<\/div>\n\t\t\t\t<\/div>\n\t\t\t\t<div class=\"elementor-element elementor-element-28134ad elementor-hidden-widescreen elementor-hidden-desktop elementor-hidden-laptop elementor-hidden-tablet elementor-widget elementor-widget-image\" data-id=\"28134ad\" data-element_type=\"widget\" data-e-type=\"widget\" data-widget_type=\"image.default\">\n\t\t\t\t<div class=\"elementor-widget-container\">\n\t\t\t\t\t\t\t\t\t\t\t\t\t\t\t<img fetchpriority=\"high\" decoding=\"async\" width=\"445\" height=\"132\" src=\"https:\/\/guillaumecivel.com\/wp-content\/uploads\/2024\/01\/typo-infos-mobile.svg\" class=\"attachment-full size-full wp-image-5104\" alt=\"\" \/>\t\t\t\t\t\t\t\t\t\t\t\t\t\t\t<\/div>\n\t\t\t\t<\/div>\n\t\t\t\t<div class=\"elementor-element elementor-element-550fc29 elementor-widget elementor-widget-text-editor\" data-id=\"550fc29\" data-element_type=\"widget\" data-e-type=\"widget\" data-settings=\"{&quot;_animation&quot;:&quot;none&quot;}\" data-widget_type=\"text-editor.default\">\n\t\t\t\t<div class=\"elementor-widget-container\">\n\t\t\t\t\t\t\t\t\t<p style=\"text-align: center;\">Je suis Set Designer et Model Maker sp\u00e9cialis\u00e9 en still life, bas\u00e9 \u00e0 Paris. Form\u00e9 \u00e0 la direction artistique, j\u2019accorde une attention particuli\u00e8re \u00e0 la composition et aux d\u00e9tails, essentiels pour sublimer chaque projet.&nbsp;<span style=\"color: var( --e-global-color-text ); font-weight: var( --e-global-typography-text-font-weight ); text-align: var(--text-align);\">Dans mon atelier, je con\u00e7ois et r\u00e9alise des d\u00e9cors sur-mesure, tout en sour\u00e7ant des mati\u00e8res et des objets adapt\u00e9s. J\u2019y cr\u00e9e \u00e9galement des textures uniques pour r\u00e9pondre aux besoins de tout type de production, qu\u2019il s\u2019agisse de vitrines, de campagnes publicitaires ou de shootings<\/span><\/p>\n<p><\/p>\n<div style=\"text-align: center;\">&nbsp;<span style=\"color: #000000; font-family: Poppins; font-size: 18px; text-align: center; text-transform: initial;\">Contactez-moi sur <\/span><strong style=\"color: #000000; font-family: Poppins; font-size: 18px; text-align: center; text-transform: initial;\"><span style=\"text-decoration-line: underline;\"><em><a href=\"mailto:guillaume.civel@gmail.com\" target=\"_blank\" rel=\"noopener\">guillaume.civel@gmail.com<\/a><\/em><\/span><\/strong> <span style=\"color: #000000; font-family: Poppins; font-size: 18px; text-align: center; text-transform: initial;\">ou au <\/span><em><strong style=\"color: #000000; font-family: Poppins; font-size: 18px; text-align: center; text-transform: initial;\">06.15.70.50.22<\/strong><\/em><span style=\"color: #000000; font-family: Poppins; font-size: 18px; text-align: center; text-transform: initial;\">&nbsp;<\/span><\/div>\t\t\t\t\t\t\t\t<\/div>\n\t\t\t\t<\/div>\n\t\t\t\t<div class=\"elementor-element elementor-element-90319e2 elementor-widget elementor-widget-spacer\" data-id=\"90319e2\" data-element_type=\"widget\" data-e-type=\"widget\" data-widget_type=\"spacer.default\">\n\t\t\t\t<div class=\"elementor-widget-container\">\n\t\t\t\t\t\t\t<div class=\"elementor-spacer\">\n\t\t\t<div class=\"elementor-spacer-inner\"><\/div>\n\t\t<\/div>\n\t\t\t\t\t\t<\/div>\n\t\t\t\t<\/div>\n\t\t\t\t<\/div>\n\t\t\t\t<\/div>\n\t\t","protected":false},"excerpt":{"rendered":"<p>Je suis Set Designer et Model Maker sp\u00e9cialis\u00e9 en still life, bas\u00e9 \u00e0 Paris. Form\u00e9 \u00e0 la direction artistique, j\u2019accorde une attention particuli\u00e8re \u00e0 la composition et aux d\u00e9tails, essentiels pour sublimer chaque projet.&nbsp;Dans mon atelier, je con\u00e7ois et r\u00e9alise [&hellip;]<\/p>\n","protected":false},"author":1,"featured_media":0,"parent":0,"menu_order":0,"comment_status":"closed","ping_status":"closed","template":"elementor_header_footer","meta":{"_monsterinsights_skip_tracking":false,"_monsterinsights_sitenote_active":false,"_monsterinsights_sitenote_note":"","_monsterinsights_sitenote_category":0,"footnotes":""},"class_list":["post-3339","page","type-page","status-publish","hentry"],"yoast_head":"<!-- This site is optimized with the Yoast SEO plugin v27.5 - https:\/\/yoast.com\/product\/yoast-seo-wordpress\/ -->\n<title>About &amp; Contact - Guillaume Civel Set designer &amp; model maker Paris<\/title>\n<meta name=\"robots\" content=\"index, follow, max-snippet:-1, max-image-preview:large, max-video-preview:-1\" \/>\n<link rel=\"canonical\" href=\"https:\/\/guillaumecivel.com\/?page_id=3339\" \/>\n<meta property=\"og:locale\" content=\"en_US\" \/>\n<meta property=\"og:type\" content=\"article\" \/>\n<meta property=\"og:title\" content=\"About &amp; Contact - Guillaume Civel Set designer &amp; model maker Paris\" \/>\n<meta property=\"og:description\" content=\"Je suis Set Designer et Model Maker sp\u00e9cialis\u00e9 en still life, bas\u00e9 \u00e0 Paris. Form\u00e9 \u00e0 la direction artistique, j\u2019accorde une attention particuli\u00e8re \u00e0 la composition et aux d\u00e9tails, essentiels pour sublimer chaque projet.&nbsp;Dans mon atelier, je con\u00e7ois et r\u00e9alise [&hellip;]\" \/>\n<meta property=\"og:url\" content=\"https:\/\/guillaumecivel.com\/?page_id=3339\" \/>\n<meta property=\"og:site_name\" content=\"Guillaume Civel Set designer &amp; model maker Paris\" \/>\n<meta property=\"article:modified_time\" content=\"2025-01-21T17:01:08+00:00\" \/>\n<meta property=\"og:image\" content=\"http:\/\/guillaumecivel.com\/wp-content\/uploads\/2024\/01\/typo-infos.svg\" \/>\n<meta name=\"twitter:card\" content=\"summary_large_image\" \/>\n<meta name=\"twitter:label1\" content=\"Est. reading time\" \/>\n\t<meta name=\"twitter:data1\" content=\"1 minute\" \/>\n<script type=\"application\/ld+json\" class=\"yoast-schema-graph\">{\"@context\":\"https:\\\/\\\/schema.org\",\"@graph\":[{\"@type\":\"WebPage\",\"@id\":\"https:\\\/\\\/guillaumecivel.com\\\/?page_id=3339\",\"url\":\"https:\\\/\\\/guillaumecivel.com\\\/?page_id=3339\",\"name\":\"About & Contact - Guillaume Civel Set designer &amp; model maker Paris\",\"isPartOf\":{\"@id\":\"https:\\\/\\\/guillaumecivel.com\\\/#website\"},\"primaryImageOfPage\":{\"@id\":\"https:\\\/\\\/guillaumecivel.com\\\/?page_id=3339#primaryimage\"},\"image\":{\"@id\":\"https:\\\/\\\/guillaumecivel.com\\\/?page_id=3339#primaryimage\"},\"thumbnailUrl\":\"http:\\\/\\\/guillaumecivel.com\\\/wp-content\\\/uploads\\\/2024\\\/01\\\/typo-infos.svg\",\"datePublished\":\"2023-12-29T22:11:15+00:00\",\"dateModified\":\"2025-01-21T17:01:08+00:00\",\"breadcrumb\":{\"@id\":\"https:\\\/\\\/guillaumecivel.com\\\/?page_id=3339#breadcrumb\"},\"inLanguage\":\"en-US\",\"potentialAction\":[{\"@type\":\"ReadAction\",\"target\":[\"https:\\\/\\\/guillaumecivel.com\\\/?page_id=3339\"]}]},{\"@type\":\"ImageObject\",\"inLanguage\":\"en-US\",\"@id\":\"https:\\\/\\\/guillaumecivel.com\\\/?page_id=3339#primaryimage\",\"url\":\"http:\\\/\\\/guillaumecivel.com\\\/wp-content\\\/uploads\\\/2024\\\/01\\\/typo-infos.svg\",\"contentUrl\":\"http:\\\/\\\/guillaumecivel.com\\\/wp-content\\\/uploads\\\/2024\\\/01\\\/typo-infos.svg\"},{\"@type\":\"BreadcrumbList\",\"@id\":\"https:\\\/\\\/guillaumecivel.com\\\/?page_id=3339#breadcrumb\",\"itemListElement\":[{\"@type\":\"ListItem\",\"position\":1,\"name\":\"Accueil\",\"item\":\"https:\\\/\\\/guillaumecivel.com\\\/\"},{\"@type\":\"ListItem\",\"position\":2,\"name\":\"About &#038; Contact\"}]},{\"@type\":\"WebSite\",\"@id\":\"https:\\\/\\\/guillaumecivel.com\\\/#website\",\"url\":\"https:\\\/\\\/guillaumecivel.com\\\/\",\"name\":\"Guillaume Civel Set designer & model maker Paris\",\"description\":\"\",\"potentialAction\":[{\"@type\":\"SearchAction\",\"target\":{\"@type\":\"EntryPoint\",\"urlTemplate\":\"https:\\\/\\\/guillaumecivel.com\\\/?s={search_term_string}\"},\"query-input\":{\"@type\":\"PropertyValueSpecification\",\"valueRequired\":true,\"valueName\":\"search_term_string\"}}],\"inLanguage\":\"en-US\"}]}<\/script>\n<!-- \/ Yoast SEO plugin. -->","yoast_head_json":{"title":"About & Contact - Guillaume Civel Set designer &amp; model maker Paris","robots":{"index":"index","follow":"follow","max-snippet":"max-snippet:-1","max-image-preview":"max-image-preview:large","max-video-preview":"max-video-preview:-1"},"canonical":"https:\/\/guillaumecivel.com\/?page_id=3339","og_locale":"en_US","og_type":"article","og_title":"About & Contact - Guillaume Civel Set designer &amp; model maker Paris","og_description":"Je suis Set Designer et Model Maker sp\u00e9cialis\u00e9 en still life, bas\u00e9 \u00e0 Paris. Form\u00e9 \u00e0 la direction artistique, j\u2019accorde une attention particuli\u00e8re \u00e0 la composition et aux d\u00e9tails, essentiels pour sublimer chaque projet.&nbsp;Dans mon atelier, je con\u00e7ois et r\u00e9alise [&hellip;]","og_url":"https:\/\/guillaumecivel.com\/?page_id=3339","og_site_name":"Guillaume Civel Set designer &amp; model maker Paris","article_modified_time":"2025-01-21T17:01:08+00:00","og_image":[{"url":"http:\/\/guillaumecivel.com\/wp-content\/uploads\/2024\/01\/typo-infos.svg","type":"","width":"","height":""}],"twitter_card":"summary_large_image","twitter_misc":{"Est. reading time":"1 minute"},"schema":{"@context":"https:\/\/schema.org","@graph":[{"@type":"WebPage","@id":"https:\/\/guillaumecivel.com\/?page_id=3339","url":"https:\/\/guillaumecivel.com\/?page_id=3339","name":"About & Contact - Guillaume Civel Set designer &amp; model maker Paris","isPartOf":{"@id":"https:\/\/guillaumecivel.com\/#website"},"primaryImageOfPage":{"@id":"https:\/\/guillaumecivel.com\/?page_id=3339#primaryimage"},"image":{"@id":"https:\/\/guillaumecivel.com\/?page_id=3339#primaryimage"},"thumbnailUrl":"http:\/\/guillaumecivel.com\/wp-content\/uploads\/2024\/01\/typo-infos.svg","datePublished":"2023-12-29T22:11:15+00:00","dateModified":"2025-01-21T17:01:08+00:00","breadcrumb":{"@id":"https:\/\/guillaumecivel.com\/?page_id=3339#breadcrumb"},"inLanguage":"en-US","potentialAction":[{"@type":"ReadAction","target":["https:\/\/guillaumecivel.com\/?page_id=3339"]}]},{"@type":"ImageObject","inLanguage":"en-US","@id":"https:\/\/guillaumecivel.com\/?page_id=3339#primaryimage","url":"http:\/\/guillaumecivel.com\/wp-content\/uploads\/2024\/01\/typo-infos.svg","contentUrl":"http:\/\/guillaumecivel.com\/wp-content\/uploads\/2024\/01\/typo-infos.svg"},{"@type":"BreadcrumbList","@id":"https:\/\/guillaumecivel.com\/?page_id=3339#breadcrumb","itemListElement":[{"@type":"ListItem","position":1,"name":"Accueil","item":"https:\/\/guillaumecivel.com\/"},{"@type":"ListItem","position":2,"name":"About &#038; Contact"}]},{"@type":"WebSite","@id":"https:\/\/guillaumecivel.com\/#website","url":"https:\/\/guillaumecivel.com\/","name":"Guillaume Civel Set designer & model maker Paris","description":"","potentialAction":[{"@type":"SearchAction","target":{"@type":"EntryPoint","urlTemplate":"https:\/\/guillaumecivel.com\/?s={search_term_string}"},"query-input":{"@type":"PropertyValueSpecification","valueRequired":true,"valueName":"search_term_string"}}],"inLanguage":"en-US"}]}},"_links":{"self":[{"href":"https:\/\/guillaumecivel.com\/index.php?rest_route=\/wp\/v2\/pages\/3339","targetHints":{"allow":["GET"]}}],"collection":[{"href":"https:\/\/guillaumecivel.com\/index.php?rest_route=\/wp\/v2\/pages"}],"about":[{"href":"https:\/\/guillaumecivel.com\/index.php?rest_route=\/wp\/v2\/types\/page"}],"author":[{"embeddable":true,"href":"https:\/\/guillaumecivel.com\/index.php?rest_route=\/wp\/v2\/users\/1"}],"replies":[{"embeddable":true,"href":"https:\/\/guillaumecivel.com\/index.php?rest_route=%2Fwp%2Fv2%2Fcomments&post=3339"}],"version-history":[{"count":576,"href":"https:\/\/guillaumecivel.com\/index.php?rest_route=\/wp\/v2\/pages\/3339\/revisions"}],"predecessor-version":[{"id":5369,"href":"https:\/\/guillaumecivel.com\/index.php?rest_route=\/wp\/v2\/pages\/3339\/revisions\/5369"}],"wp:attachment":[{"href":"https:\/\/guillaumecivel.com\/index.php?rest_route=%2Fwp%2Fv2%2Fmedia&parent=3339"}],"curies":[{"name":"wp","href":"https:\/\/api.w.org\/{rel}","templated":true}]}}